31
In base 5, what is 4 + 103211?
103220
In base 3, what is 1122211 - -120?
1200101
In base 10, what is -2 - 1279347?
-1279349
In base 11, what is 144439 + -1?
144438
In base 10, what is -15208 - 10?
-15218
In base 10, what is 918 + 43?
961
In base 12, what is 3787a + -26?
37854
In base 12, what is -4 - 14ab5?
-14ab9
In base 10, what is -16 - 8647?
-8663
In base 16, what is 7f + -a8e?
-a0f
In base 7, what is 2256 + 6526?
12115
In base 5, what is 1144002 - 3?
1143444
In base 7, what is 15 + 45543?
45561
In base 9, what is 8 + 51570?
51578
In base 7, what is -12432 + -236?
-13001
In base 7, what is -20004543 + 4?
-20004536
In base 5, what is 2 + 1041441?
1041443
In base 16, what is -1477 + -9?
-1480
In base 5, what is -4 - -10234?
10230
In base 12, what is -469b2 + -4?
-469b6
In base 5, what is -213 + 1132?
414
In base 14, what is 1 - 1db2?
-1db1
In base 12, what is 4 + -44a87?
-44a83
In base 11, what is -2453 + -a?
-2462
In base 5, what is -203 + 13222?
13014
In base 16, what is 2 - 4263?
-4261
In base 14, what is c301 + 2?
c303
In base 2, what is 100001100111 + -10?
100001100101
In base 12, what is -64251 + 2?
-6424b
In base 15, what is 3 + -2180c?
-21809
In base 4, what is -31 + -20300333?
-20301030
In base 6, what is 10 + -1023545?
-1023535
In base 4, what is 11133112 + 213?
11133331
In base 11, what is -9 + 66298?
6628a
In base 6, what is -334205 + 0?
-334205
In base 3, what is 202020 + -2002?
200011
In base 14, what is -146b3 - 16?
-146c9
In base 2, what is -1011101001001010 - 10000?
-1011101001011010
In base 9, what is -10601 - 13?
-10614
In base 4, what is 3 + -230213?
-230210
In base 15, what is 1 + -17231b?
-17231a
In base 4, what is 3 + 113?
122
In base 5, what is -10 - -400111?
400101
In base 7, what is -1113 - 2153?
-3266
In base 6, what is -220321 - 12?
-220333
In base 6, what is 35513245 - 2?
35513243
In base 11, what is 267849 + 2?
267850
In base 10, what is -112099 - -3?
-112096
In base 15, what is -18c + -20?
-1ac
In base 6, what is -10 - -101004?
100554
In base 13, what is 10a - 152a?
-1420
In base 13, what is 8963 - 8?
8958
In base 13, what is -4702 + b?
-46c4
In base 11, what is -16a7a69 + -1?
-16a7a6a
In base 10, what is 0 - 31790?
-31790
In base 6, what is -144451 + -1?
-144452
In base 9, what is 0 - -67631?
67631
In base 7, what is 354104 + 3?
354110
In base 2, what is 10101000011 + 1010?
10101001101
In base 16, what is -10f3 - -b?
-10e8
In base 7, what is -216 + 3403?
3154
In base 14, what is ca - -40?
12a
In base 6, what is -12001545 - 5?
-12001554
In base 8, what is -5 + 67262?
67255
In base 8, what is 25170 + 5?
25175
In base 9, what is 18 - 2811?
-2782
In base 10, what is 2 + -43917?
-43915
In base 4, what is -1330002 - -1?
-1330001
In base 5, what is 21230 + 12332?
34112
In base 6, what is -24 + -144041?
-144105
In base 16, what is -3c - -10b?
cf
In base 3, what is -211122 + -1?
-211200
In base 8, what is -16037 - -10?
-16027
In base 7, what is -21 + 430123?
430102
In base 9, what is 2 - 355842?
-355840
In base 11, what is -4 - 418a04?
-418a08
In base 12, what is 1b7 - b8?
bb
In base 2, what is 100010010000001111 - -11?
100010010000010010
In base 4, what is -1122132 - 3?
-1122201
In base 3, what is 122 - -12122202?
12200101
In base 16, what is 18f6 + -4?
18f2
In base 9, what is -4213 + -11?
-4224
In base 5, what is 422212 + -4?
422203
In base 16, what is 3 + -37b1d?
-37b1a
In base 4, what is 30 - -222032?
222122
In base 2, what is 11010000 - -110000010001101?
110000101011101
In base 4, what is 1103001 + -203?
1102132
In base 3, what is -2211112 - -212002?
-1222110
In base 15, what is 5299 - 4?
5295
In base 8, what is -24200 + -5?
-24205
In base 14, what is 0 - -10819?
10819
In base 5, what is -12 + -13224124?
-13224141
In base 16, what is 12 - -1407?
1419
In base 4, what is -20 + 122333221?
122333201
In base 7, what is 11342340 - -1?
11342341
In base 12, what is -2 + -2b5490?
-2b5492
In base 15, what is 5 - -23b4?
23b9
In base 14, what is bb3 - a?
ba7
In base 4, what is -1 + -131110?
-131111
In base 9, what is -5 - -10548?
10543
In base 7, what is 305522 + 15?
305540
In base 13, what is 25 + 54?
79
In base 13, what is -514 - -95?
-44c
In base 5, what is 2123142 - -24?
2123221
In base 6, what is 25 - -1212115?
1212144
In base 8, what is -11362 - 51?
-11433
In base 6, what is 110 + -23252?
-23142
In base 14, what is -69c - -44?
-658
In base 14, what is -1 + 51b0?
51ad
In base 13, what is 56 + 14c?
1a5
In base 2, what is 10001010010111 - 11011011?
10000110111100
In base 16, what is -14 - -3ad8?
3ac4
In base 7, what is 4 + -5142?
-5135
In base 15, what is 12cd - 5e?
126e
In base 16, what is 84 + 3a6?
42a
In base 10, what is -669732 + 1?
-669731
In base 7, what is 566155 - 4?
566151
In base 12, what is -1 - -2199b?
2199a
In base 10, what is 13 - 47389?
-47376
In base 5, what is 142204013 - -1?
142204014
In base 9, what is 3777385 - 4?
3777381
In base 4, what is 223123 - 3113?
220010
In base 16, what is -536 + -14a?
-680
In base 5, what is 302134 + 30?
302214
In base 8, what is 0 + 373445?
373445
In base 4, what is -3 + -321310?
-321313
In base 5, what is 11013 + 1241?
12304
In base 10, what is -2 - -8781?
8779
In base 8, what is -2264 - 75?
-2361
In base 13, what is 6 - 758b?
-7585
In base 2, what is -101000 + 101101111?
101000111
In base 14, what is 1023 + 141?
1164
In base 5, what is -4 - -303321?
303312
In base 13, what is 3 + -34902?
-348cc
In base 5, what is -4 + 1424433?
1424424
In base 7, what is -5 - 2413060?
-2413065
In base 16, what is -faa - -20?
-f8a
In base 11, what is -3a - -185a9?
1856a
In base 13, what is -645 - -13?
-632
In base 9, what is 2 - 12842?
-12840
In base 3, what is 2220000 + -21?
2212202
In base 16, what is ab6 - -4?
aba
In base 3, what is -220 - 22201101101?
-22201102021
In base 12, what is 2a2b - 1?
2a2a
In base 16, what is b44 - 205?
93f
In base 7, what is 10214202 + 10?
10214212
In base 8, what is -25 - 4240?
-4265
In base 9, what is -205 + -3713?
-4018
In base 6, what is 2131 - 3534?
-1403
In base 9, what is -2 + -2288?
-2301
In base 8, what is -2047 - 4545?
-6614
In base 3, what is -111 + -212221212?
-212222100
In base 6, what is 313503453 + -4?
313503445
In base 13, what is 662 + -a58?
-3c6
In base 3, what is 112022011102 + -11?
112022011021
In base 14, what is 10 + -987?
-977
In base 8, what is 1240 - -306?
1546
In base 13, what is 82b + -3c?
7bc
In base 15, what is b02 + -51?
aa1
In base 13, what is -139399 - 2?
-13939b
In base 4, what is -1100210 + 221?
-1033323
In base 5, what is -2 + -31440?
-31442
In base 15, what is -b2 - 45c1?
-4683
In base 10, what is -4986 + -4?
-4990
In base 6, what is 5 + 25504?
25513
In base 5, what is -1340021 - -11?
-1340010
In base 14, what is a - 31d?
-313
In base 2, what is -11011100111 + 101?
-11011100010
In base 16, what is 56c - -2e?
59a
In base 5, what is 3130424 + -2?
3130422
In base 7, what is 305361 + 3?
305364
In base 9, what is -42 - 1507?
-1550
In base 12, what is -984 + -a?
-992
In base 10, what is 2 + 38448?
38450
In base 3, what is -122 + 112012021?
112011122
In base 7, what is -2513 - -240?
-2243
In base 11, what is -2484 + 8?
-2477
In base 13, what is -15ca77 + 2?
-15ca75
In base 16, what is 313c3 - 5?
313be
In base 7, what is 2 - -1534442?
1534444
In base 16, what is c4f - 8?
c47
In base 9, what is 22 + -136?
-114
In base 8, what is -46022 + 5?
-46015
In base 3, what is 0 - 10122211012?
-10122211012
In base 7, what is -4 - -5111?
5104
In base 6, what is 305021 + 114?
305135
In base 14, what is -23 - -30ad?
308a
In base 13, what is 1 + -6652?
-6651
In base 6, what is -33205 + -43?
-33252
In base 16, what is 37 - -3bd3?
3c0a
In base 7, what is 13 - -4214?
4230
In base 3, what is -21010201 + 11100?
-20222101
In base 16, what is 1c8b6 - -7?
1c8bd
In base 11, what is a2 - -2469?
2560
In base 12, what is 43530 - 1?
4352b
In base 4, what is 11 - 31220133?
-31220122
In base 10, what is 481 + -2164?
-1683
In base 3, what is 2101102 - -1020?
2102122
In base 3, what is 1200022 + -2221?
1120101
In base 8, what is -75 - 34351?
-34446
In base 6, what is 322 + 341?
1103
In base 2, what is 101000101101111111011 - -101?
101000101110000000000
In base 10, what is -4 - 180766?
-180770
In base 2, what is 101001011 + -100011010001?
-11110000110
In base 